{"version":"1.0","provider_name":"Suno Not\u00edcias","provider_url":"https:\/\/www.suno.com.br\/noticias","author_name":"Paulo Jaschke","author_url":"https:\/\/www.suno.com.br\/noticias\/author\/paulo-jaschke\/","title":"Empresas a\u00e9reas ir\u00e3o repassar aumento do d\u00f3lar e combust\u00edvel para consumidores","type":"rich","width":600,"height":338,"html":"<blockquote class=\"wp-embedded-content\" data-secret=\"XV7cz6c2AW\"><a href=\"https:\/\/www.suno.com.br\/noticias\/empresas-aereas-repassar-gastos\/\">Empresas a\u00e9reas ir\u00e3o repassar aumento do d\u00f3lar e combust\u00edvel para consumidores<\/a><\/blockquote><iframe sandbox=\"allow-scripts\" security=\"restricted\" src=\"https:\/\/www.suno.com.br\/noticias\/empresas-aereas-repassar-gastos\/embed\/#?secret=XV7cz6c2AW\" width=\"600\" height=\"338\" title=\"&#8220;Empresas a\u00e9reas ir\u00e3o repassar aumento do d\u00f3lar e combust\u00edvel para consumidores&#8221; &#8212; Suno Not\u00edcias\" data-secret=\"XV7cz6c2AW\" frameborder=\"0\" marginwidth=\"0\" marginheight=\"0\" scrolling=\"no\" class=\"wp-embedded-content\"><\/iframe><script type=\"text\/javascript\">\n\/* <![CDATA[ *\/\n\/*! This file is auto-generated *\/\n!function(d,l){\"use strict\";l.querySelector&&d.addEventListener&&\"undefined\"!=typeof URL&&(d.wp=d.wp||{},d.wp.receiveEmbedMessage||(d.wp.receiveEmbedMessage=function(e){var t=e.data;if((t||t.secret||t.message||t.value)&&!\/[^a-zA-Z0-9]\/.test(t.secret)){for(var s,r,n,a=l.querySelectorAll('iframe[data-secret=\"'+t.secret+'\"]'),o=l.querySelectorAll('blockquote[data-secret=\"'+t.secret+'\"]'),c=new RegExp(\"^https?:$\",\"i\"),i=0;i<o.length;i++)o[i].style.display=\"none\";for(i=0;i<a.length;i++)s=a[i],e.source===s.contentWindow&&(s.removeAttribute(\"style\"),\"height\"===t.message?(1e3<(r=parseInt(t.value,10))?r=1e3:~~r<200&&(r=200),s.height=r):\"link\"===t.message&&(r=new URL(s.getAttribute(\"src\")),n=new URL(t.value),c.test(n.protocol))&&n.host===r.host&&l.activeElement===s&&(d.top.location.href=t.value))}},d.addEventListener(\"message\",d.wp.receiveEmbedMessage,!1),l.addEventListener(\"DOMContentLoaded\",function(){for(var e,t,s=l.querySelectorAll(\"iframe.wp-embedded-content\"),r=0;r<s.length;r++)(t=(e=s[r]).getAttribute(\"data-secret\"))||(t=Math.random().toString(36).substring(2,12),e.src+=\"#?secret=\"+t,e.setAttribute(\"data-secret\",t)),e.contentWindow.postMessage({message:\"ready\",secret:t},\"*\")},!1)))}(window,document);\n\/* ]]> *\/\n<\/script>\n","thumbnail_url":"https:\/\/files.sunoresearch.com.br\/n\/uploads\/2018\/09\/23c3b114-wing-sky-technology-fly-airport-airplane-510865-pxhere.com_.jpg","thumbnail_width":1200,"thumbnail_height":900,"description":"Eduardo Sanovicz, presidente da Associa\u00e7\u00e3o Brasileira das Empresas A\u00e9reas (Abear) afirmou que as empresas a\u00e9reas devem repassar os valores da valoriza\u00e7\u00e3o do d\u00f3lar e do combust\u00edvel para aos consumidores. \u201cEntre agosto de 2017 e 2018, o c\u00e2mbio aumentou 25%, e o pre\u00e7o do querosene de avi\u00e3o 60% e atingiu o maior valor da hist\u00f3ria, disse [&hellip;]"}

Suno Notícias

Empresas aéreas irão repassar aumento do dólar e combustível para consumidores

<blockquote class="wp-embedded-content" data-secret="XV7cz6c2AW"><a href="https://www.suno.com.br/noticias/empresas-aereas-repassar-gastos/">Empresas aéreas irão repassar aumento do dólar e combustível para consumidores</a></blockquote><iframe sandbox="allow-scripts" security="restricted" src="https://www.suno.com.br/noticias/empresas-aereas-repassar-gastos/embed/#?secret=XV7cz6c2AW" width="600" height="338" title="&#8220;Empresas aéreas irão repassar aumento do dólar e combustível para consumidores&#8221; &#8212; Suno Notícias" data-secret="XV7cz6c2AW" frameborder="0" marginwidth="0" marginheight="0" scrolling="no" class="wp-embedded-content"></iframe><script type="text/javascript">
/* <![CDATA[ */
/*! This file is auto-generated */
!function(d,l){"use strict";l.querySelector&&d.addEventListener&&"undefined"!=typeof URL&&(d.wp=d.wp||{},d.wp.receiveEmbedMessage||(d.wp.receiveEmbedMessage=function(e){var t=e.data;if((t||t.secret||t.message||t.value)&&!/[^a-zA-Z0-9]/.test(t.secret)){for(var s,r,n,a=l.querySelectorAll('iframe[data-secret="'+t.secret+'"]'),o=l.querySelectorAll('blockquote[data-secret="'+t.secret+'"]'),c=new RegExp("^https?:$","i"),i=0;i<o.length;i++)o[i].style.display="none";for(i=0;i<a.length;i++)s=a[i],e.source===s.contentWindow&&(s.removeAttribute("style"),"height"===t.message?(1e3<(r=parseInt(t.value,10))?r=1e3:~~r<200&&(r=200),s.height=r):"link"===t.message&&(r=new URL(s.getAttribute("src")),n=new URL(t.value),c.test(n.protocol))&&n.host===r.host&&l.activeElement===s&&(d.top.location.href=t.value))}},d.addEventListener("message",d.wp.receiveEmbedMessage,!1),l.addEventListener("DOMContentLoaded",function(){for(var e,t,s=l.querySelectorAll("iframe.wp-embedded-content"),r=0;r<s.length;r++)(t=(e=s[r]).getAttribute("data-secret"))||(t=Math.random().toString(36).substring(2,12),e.src+="#?secret="+t,e.setAttribute("data-secret",t)),e.contentWindow.postMessage({message:"ready",secret:t},"*")},!1)))}(window,document);
/* ]]> */
</script>

Eduardo Sanovicz, presidente da Associação Brasileira das Empresas Aéreas (Abear) afirmou que as empresas aéreas devem repassar os valores da valorização do dólar e do combustível para aos consumidores. “Entre agosto de 2017 e 2018, o câmbio aumentou 25%, e o preço do querosene de avião 60% e atingiu o maior valor da história, disse [&hellip;]
