{"version":"1.0","provider_name":"Suno Not\u00edcias","provider_url":"https:\/\/www.suno.com.br\/noticias","author_name":"Giovanni Porf\u00edrio Jacomino","author_url":"https:\/\/www.suno.com.br\/noticias\/author\/giovanni-porfiriosuno-com-br\/","title":"Banco do Brasil (BBAS3) v\u00ea f\u00edsico e digital como complementares","type":"rich","width":600,"height":338,"html":"<blockquote class=\"wp-embedded-content\" data-secret=\"g7DYxQdY4x\"><a href=\"https:\/\/www.suno.com.br\/noticias\/banco-do-brasil-bbas3-rede-fisica-digitalizacao-gpj\/\">Banco do Brasil (BBAS3): fortaleza \u00e9 rede f\u00edsica, mas digitaliza\u00e7\u00e3o \u00e9 &#8216;realidade&#8217;, diz presidente<\/a><\/blockquote><iframe sandbox=\"allow-scripts\" security=\"restricted\" src=\"https:\/\/www.suno.com.br\/noticias\/banco-do-brasil-bbas3-rede-fisica-digitalizacao-gpj\/embed\/#?secret=g7DYxQdY4x\" width=\"600\" height=\"338\" title=\"&#8220;Banco do Brasil (BBAS3): fortaleza \u00e9 rede f\u00edsica, mas digitaliza\u00e7\u00e3o \u00e9 &#8216;realidade&#8217;, diz presidente&#8221; &#8212; Suno Not\u00edcias\" data-secret=\"g7DYxQdY4x\" frameborder=\"0\" marginwidth=\"0\" marginheight=\"0\" scrolling=\"no\" class=\"wp-embedded-content\"><\/iframe><script type=\"text\/javascript\">\n\/* <![CDATA[ *\/\n\/*! This file is auto-generated *\/\n!function(d,l){\"use strict\";l.querySelector&&d.addEventListener&&\"undefined\"!=typeof URL&&(d.wp=d.wp||{},d.wp.receiveEmbedMessage||(d.wp.receiveEmbedMessage=function(e){var t=e.data;if((t||t.secret||t.message||t.value)&&!\/[^a-zA-Z0-9]\/.test(t.secret)){for(var s,r,n,a=l.querySelectorAll('iframe[data-secret=\"'+t.secret+'\"]'),o=l.querySelectorAll('blockquote[data-secret=\"'+t.secret+'\"]'),c=new RegExp(\"^https?:$\",\"i\"),i=0;i<o.length;i++)o[i].style.display=\"none\";for(i=0;i<a.length;i++)s=a[i],e.source===s.contentWindow&&(s.removeAttribute(\"style\"),\"height\"===t.message?(1e3<(r=parseInt(t.value,10))?r=1e3:~~r<200&&(r=200),s.height=r):\"link\"===t.message&&(r=new URL(s.getAttribute(\"src\")),n=new URL(t.value),c.test(n.protocol))&&n.host===r.host&&l.activeElement===s&&(d.top.location.href=t.value))}},d.addEventListener(\"message\",d.wp.receiveEmbedMessage,!1),l.addEventListener(\"DOMContentLoaded\",function(){for(var e,t,s=l.querySelectorAll(\"iframe.wp-embedded-content\"),r=0;r<s.length;r++)(t=(e=s[r]).getAttribute(\"data-secret\"))||(t=Math.random().toString(36).substring(2,12),e.src+=\"#?secret=\"+t,e.setAttribute(\"data-secret\",t)),e.contentWindow.postMessage({message:\"ready\",secret:t},\"*\")},!1)))}(window,document);\n\/* ]]> *\/\n<\/script>\n","thumbnail_url":"https:\/\/files.sunoresearch.com.br\/n\/uploads\/2023\/08\/tarciana-medeiros-presidente-do-banco-do-brasil.jpg","thumbnail_width":1200,"thumbnail_height":800,"description":"A presidente do Banco do Brasil, Tarciana Medeiros, afirmou que a principal for\u00e7a da institui\u00e7\u00e3o ainda \u00e9 a sua rede de ag\u00eancias f\u00edsicas."}

Suno Notícias

Giovanni Porfírio Jacomino

Banco do Brasil (BBAS3) vê físico e digital como complementares

<blockquote class="wp-embedded-content" data-secret="g7DYxQdY4x"><a href="https://www.suno.com.br/noticias/banco-do-brasil-bbas3-rede-fisica-digitalizacao-gpj/">Banco do Brasil (BBAS3): fortaleza é rede física, mas digitalização é &#8216;realidade&#8217;, diz presidente</a></blockquote><iframe sandbox="allow-scripts" security="restricted" src="https://www.suno.com.br/noticias/banco-do-brasil-bbas3-rede-fisica-digitalizacao-gpj/embed/#?secret=g7DYxQdY4x" width="600" height="338" title="&#8220;Banco do Brasil (BBAS3): fortaleza é rede física, mas digitalização é &#8216;realidade&#8217;, diz presidente&#8221; &#8212; Suno Notícias" data-secret="g7DYxQdY4x" frameborder="0" marginwidth="0" marginheight="0" scrolling="no" class="wp-embedded-content"></iframe><script type="text/javascript">
/* <![CDATA[ */
/*! This file is auto-generated */
!function(d,l){"use strict";l.querySelector&&d.addEventListener&&"undefined"!=typeof URL&&(d.wp=d.wp||{},d.wp.receiveEmbedMessage||(d.wp.receiveEmbedMessage=function(e){var t=e.data;if((t||t.secret||t.message||t.value)&&!/[^a-zA-Z0-9]/.test(t.secret)){for(var s,r,n,a=l.querySelectorAll('iframe[data-secret="'+t.secret+'"]'),o=l.querySelectorAll('blockquote[data-secret="'+t.secret+'"]'),c=new RegExp("^https?:$","i"),i=0;i<o.length;i++)o[i].style.display="none";for(i=0;i<a.length;i++)s=a[i],e.source===s.contentWindow&&(s.removeAttribute("style"),"height"===t.message?(1e3<(r=parseInt(t.value,10))?r=1e3:~~r<200&&(r=200),s.height=r):"link"===t.message&&(r=new URL(s.getAttribute("src")),n=new URL(t.value),c.test(n.protocol))&&n.host===r.host&&l.activeElement===s&&(d.top.location.href=t.value))}},d.addEventListener("message",d.wp.receiveEmbedMessage,!1),l.addEventListener("DOMContentLoaded",function(){for(var e,t,s=l.querySelectorAll("iframe.wp-embedded-content"),r=0;r<s.length;r++)(t=(e=s[r]).getAttribute("data-secret"))||(t=Math.random().toString(36).substring(2,12),e.src+="#?secret="+t,e.setAttribute("data-secret",t)),e.contentWindow.postMessage({message:"ready",secret:t},"*")},!1)))}(window,document);
/* ]]> */
</script>

A presidente do Banco do Brasil, Tarciana Medeiros, afirmou que a principal força da instituição ainda é a sua rede de agências físicas.
