{"id":1060,"date":"2022-09-01T12:51:08","date_gmt":"2022-09-01T15:51:08","guid":{"rendered":"https:\/\/www.suno.com.br\/asset\/?page_id=1060"},"modified":"2023-03-06T17:59:36","modified_gmt":"2023-03-06T20:59:36","slug":"relatorio-gerencial-snff11","status":"publish","type":"page","link":"https:\/\/www.suno.com.br\/asset\/relatorio-gerencial-snff11\/","title":{"rendered":"Relat\u00f3rio Gerencial SNFF11"},"content":{"rendered":"<p><iframe loading=\"lazy\" src=\"https:\/\/app.powerbi.com\/view?r=eyJrIjoiOGE1YWVhZTMtNzUzZS00OTc1LWEwYjItZTgwM2I5NTM4YmI3IiwidCI6IjJlNzgzYTNlLTFhMTktNDJiMy1hODJlLThjODZkMTFkNGEyYSJ9&amp;pageName=ReportSection74881afa93153782d734\" width=\"1024\" height=\"700\" frameborder=\"0\" allowfullscreen=\"allowfullscreen\"><span data-mce-type=\"bookmark\" style=\"display: inline-block; width: 0px; overflow: hidden; line-height: 0;\" class=\"mce_SELRES_start\">\ufeff<\/span><span data-mce-type=\"bookmark\" style=\"display: inline-block; width: 0px; overflow: hidden; line-height: 0;\" class=\"mce_SELRES_start\">\ufeff<\/span><\/iframe><\/p>\n","protected":false},"excerpt":{"rendered":"<p>\ufeff\ufeff<\/p>\n","protected":false},"author":19,"featured_media":1162,"parent":0,"menu_order":0,"comment_status":"closed","ping_status":"closed","template":"","meta":{"_acf_changed":false,"footnotes":""},"class_list":["post-1060","page","type-page","status-publish","has-post-thumbnail","hentry"],"acf":[],"yoast_head":"<!-- This site is optimized with the Yoast SEO plugin v23.9 - https:\/\/yoast.com\/wordpress\/plugins\/seo\/ -->\n<title>Relat\u00f3rio Gerencial SNFF11 - Suno Asset | Asset Management<\/title>\n<meta name=\"description\" content=\"O SNFF11 tem o Relat\u00f3rio Gerencial mais completo da ind\u00fastria de Fundos de Fundos (FoFs). N\u00e3o deixe de conferir o conte\u00fado em Power BI!\" \/>\n<meta name=\"robots\" content=\"index, follow, max-snippet:-1, max-image-preview:large, max-video-preview:-1\" \/>\n<link rel=\"canonical\" href=\"https:\/\/www.suno.com.br\/asset\/relatorio-gerencial-snff11\/\" \/>\n<meta property=\"og:locale\" content=\"pt_BR\" \/>\n<meta property=\"og:type\" content=\"article\" \/>\n<meta property=\"og:title\" content=\"Relat\u00f3rio Gerencial SNFF11\" \/>\n<meta property=\"og:description\" content=\"O SNFF11, da Suno Asset, tem o Relat\u00f3rio Gerencial mais completo da ind\u00fastria de Fundos de Fundos (FoFs). N\u00e3o deixe de conferir o conte\u00fado em Power BI!\" \/>\n<meta property=\"og:url\" content=\"https:\/\/www.suno.com.br\/asset\/relatorio-gerencial-snff11\/\" \/>\n<meta property=\"og:site_name\" content=\"Suno Asset | Asset Management\" \/>\n<meta property=\"article:modified_time\" content=\"2023-03-06T20:59:36+00:00\" \/>\n<meta property=\"og:image\" content=\"https:\/\/www.suno.com.br\/asset\/wp-content\/uploads\/2023\/03\/RG-SNFF-Janeiro-2023.png\" \/>\n\t<meta property=\"og:image:width\" content=\"1136\" \/>\n\t<meta property=\"og:image:height\" content=\"639\" \/>\n\t<meta property=\"og:image:type\" content=\"image\/png\" \/>\n<meta name=\"twitter:card\" content=\"summary_large_image\" \/>\n<meta name=\"twitter:title\" content=\"Relat\u00f3rio Gerencial SNFF11\" \/>\n<meta name=\"twitter:description\" content=\"O SNFF11, da Suno Asset, tem o Relat\u00f3rio Gerencial mais completo da ind\u00fastria de Fundos de Fundos (FoFs). N\u00e3o deixe de conferir o conte\u00fado em Power BI!\" \/>\n<meta name=\"twitter:image\" content=\"https:\/\/www.suno.com.br\/asset\/wp-content\/uploads\/2023\/03\/RG-SNFF-Janeiro-2023.png\" \/>\n<script type=\"application\/ld+json\" class=\"yoast-schema-graph\">{\"@context\":\"https:\/\/schema.org\",\"@graph\":[{\"@type\":\"WebPage\",\"@id\":\"https:\/\/www.suno.com.br\/asset\/relatorio-gerencial-snff11\/\",\"url\":\"https:\/\/www.suno.com.br\/asset\/relatorio-gerencial-snff11\/\",\"name\":\"Relat\u00f3rio Gerencial SNFF11 - Suno Asset | Asset Management\",\"isPartOf\":{\"@id\":\"https:\/\/www.suno.com.br\/asset\/#website\"},\"primaryImageOfPage\":{\"@id\":\"https:\/\/www.suno.com.br\/asset\/relatorio-gerencial-snff11\/#primaryimage\"},\"image\":{\"@id\":\"https:\/\/www.suno.com.br\/asset\/relatorio-gerencial-snff11\/#primaryimage\"},\"thumbnailUrl\":\"https:\/\/www.suno.com.br\/asset\/wp-content\/uploads\/2022\/10\/high-angle-shot-beautiful-cityscape-sunset-new-york-city-usa-scaled.jpg\",\"datePublished\":\"2022-09-01T15:51:08+00:00\",\"dateModified\":\"2023-03-06T20:59:36+00:00\",\"description\":\"O SNFF11 tem o Relat\u00f3rio Gerencial mais completo da ind\u00fastria de Fundos de Fundos (FoFs). N\u00e3o deixe de conferir o conte\u00fado em Power BI!\",\"breadcrumb\":{\"@id\":\"https:\/\/www.suno.com.br\/asset\/relatorio-gerencial-snff11\/#breadcrumb\"},\"inLanguage\":\"pt-BR\",\"potentialAction\":[{\"@type\":\"ReadAction\",\"target\":[\"https:\/\/www.suno.com.br\/asset\/relatorio-gerencial-snff11\/\"]}]},{\"@type\":\"ImageObject\",\"inLanguage\":\"pt-BR\",\"@id\":\"https:\/\/www.suno.com.br\/asset\/relatorio-gerencial-snff11\/#primaryimage\",\"url\":\"https:\/\/www.suno.com.br\/asset\/wp-content\/uploads\/2022\/10\/high-angle-shot-beautiful-cityscape-sunset-new-york-city-usa-scaled.jpg\",\"contentUrl\":\"https:\/\/www.suno.com.br\/asset\/wp-content\/uploads\/2022\/10\/high-angle-shot-beautiful-cityscape-sunset-new-york-city-usa-scaled.jpg\",\"width\":2560,\"height\":1277,\"caption\":\"A high angle shot of a beautiful cityscape at sunset in New York City, USA\"},{\"@type\":\"BreadcrumbList\",\"@id\":\"https:\/\/www.suno.com.br\/asset\/relatorio-gerencial-snff11\/#breadcrumb\",\"itemListElement\":[{\"@type\":\"ListItem\",\"position\":1,\"name\":\"Home\",\"item\":\"https:\/\/www.suno.com.br\/asset\/\"},{\"@type\":\"ListItem\",\"position\":2,\"name\":\"Relat\u00f3rio Gerencial SNFF11\"}]},{\"@type\":\"WebSite\",\"@id\":\"https:\/\/www.suno.com.br\/asset\/#website\",\"url\":\"https:\/\/www.suno.com.br\/asset\/\",\"name\":\"Suno Asset | Asset Management\",\"description\":\"Ajudamos a construir patrim\u00f4nios s\u00f3lidos por meio do mercado financeiro.\",\"potentialAction\":[{\"@type\":\"SearchAction\",\"target\":{\"@type\":\"EntryPoint\",\"urlTemplate\":\"https:\/\/www.suno.com.br\/asset\/?s={search_term_string}\"},\"query-input\":{\"@type\":\"PropertyValueSpecification\",\"valueRequired\":true,\"valueName\":\"search_term_string\"}}],\"inLanguage\":\"pt-BR\"}]}<\/script>\n<!-- \/ Yoast SEO plugin. -->","yoast_head_json":{"title":"Relat\u00f3rio Gerencial SNFF11 - Suno Asset | Asset Management","description":"O SNFF11 tem o Relat\u00f3rio Gerencial mais completo da ind\u00fastria de Fundos de Fundos (FoFs). N\u00e3o deixe de conferir o conte\u00fado em Power BI!","robots":{"index":"index","follow":"follow","max-snippet":"max-snippet:-1","max-image-preview":"max-image-preview:large","max-video-preview":"max-video-preview:-1"},"canonical":"https:\/\/www.suno.com.br\/asset\/relatorio-gerencial-snff11\/","og_locale":"pt_BR","og_type":"article","og_title":"Relat\u00f3rio Gerencial SNFF11","og_description":"O SNFF11, da Suno Asset, tem o Relat\u00f3rio Gerencial mais completo da ind\u00fastria de Fundos de Fundos (FoFs). N\u00e3o deixe de conferir o conte\u00fado em Power BI!","og_url":"https:\/\/www.suno.com.br\/asset\/relatorio-gerencial-snff11\/","og_site_name":"Suno Asset | Asset Management","article_modified_time":"2023-03-06T20:59:36+00:00","og_image":[{"width":1136,"height":639,"url":"https:\/\/www.suno.com.br\/asset\/wp-content\/uploads\/2023\/03\/RG-SNFF-Janeiro-2023.png","type":"image\/png"}],"twitter_card":"summary_large_image","twitter_title":"Relat\u00f3rio Gerencial SNFF11","twitter_description":"O SNFF11, da Suno Asset, tem o Relat\u00f3rio Gerencial mais completo da ind\u00fastria de Fundos de Fundos (FoFs). N\u00e3o deixe de conferir o conte\u00fado em Power BI!","twitter_image":"https:\/\/www.suno.com.br\/asset\/wp-content\/uploads\/2023\/03\/RG-SNFF-Janeiro-2023.png","schema":{"@context":"https:\/\/schema.org","@graph":[{"@type":"WebPage","@id":"https:\/\/www.suno.com.br\/asset\/relatorio-gerencial-snff11\/","url":"https:\/\/www.suno.com.br\/asset\/relatorio-gerencial-snff11\/","name":"Relat\u00f3rio Gerencial SNFF11 - Suno Asset | Asset Management","isPartOf":{"@id":"https:\/\/www.suno.com.br\/asset\/#website"},"primaryImageOfPage":{"@id":"https:\/\/www.suno.com.br\/asset\/relatorio-gerencial-snff11\/#primaryimage"},"image":{"@id":"https:\/\/www.suno.com.br\/asset\/relatorio-gerencial-snff11\/#primaryimage"},"thumbnailUrl":"https:\/\/www.suno.com.br\/asset\/wp-content\/uploads\/2022\/10\/high-angle-shot-beautiful-cityscape-sunset-new-york-city-usa-scaled.jpg","datePublished":"2022-09-01T15:51:08+00:00","dateModified":"2023-03-06T20:59:36+00:00","description":"O SNFF11 tem o Relat\u00f3rio Gerencial mais completo da ind\u00fastria de Fundos de Fundos (FoFs). N\u00e3o deixe de conferir o conte\u00fado em Power BI!","breadcrumb":{"@id":"https:\/\/www.suno.com.br\/asset\/relatorio-gerencial-snff11\/#breadcrumb"},"inLanguage":"pt-BR","potentialAction":[{"@type":"ReadAction","target":["https:\/\/www.suno.com.br\/asset\/relatorio-gerencial-snff11\/"]}]},{"@type":"ImageObject","inLanguage":"pt-BR","@id":"https:\/\/www.suno.com.br\/asset\/relatorio-gerencial-snff11\/#primaryimage","url":"https:\/\/www.suno.com.br\/asset\/wp-content\/uploads\/2022\/10\/high-angle-shot-beautiful-cityscape-sunset-new-york-city-usa-scaled.jpg","contentUrl":"https:\/\/www.suno.com.br\/asset\/wp-content\/uploads\/2022\/10\/high-angle-shot-beautiful-cityscape-sunset-new-york-city-usa-scaled.jpg","width":2560,"height":1277,"caption":"A high angle shot of a beautiful cityscape at sunset in New York City, USA"},{"@type":"BreadcrumbList","@id":"https:\/\/www.suno.com.br\/asset\/relatorio-gerencial-snff11\/#breadcrumb","itemListElement":[{"@type":"ListItem","position":1,"name":"Home","item":"https:\/\/www.suno.com.br\/asset\/"},{"@type":"ListItem","position":2,"name":"Relat\u00f3rio Gerencial SNFF11"}]},{"@type":"WebSite","@id":"https:\/\/www.suno.com.br\/asset\/#website","url":"https:\/\/www.suno.com.br\/asset\/","name":"Suno Asset | Asset Management","description":"Ajudamos a construir patrim\u00f4nios s\u00f3lidos por meio do mercado financeiro.","potentialAction":[{"@type":"SearchAction","target":{"@type":"EntryPoint","urlTemplate":"https:\/\/www.suno.com.br\/asset\/?s={search_term_string}"},"query-input":{"@type":"PropertyValueSpecification","valueRequired":true,"valueName":"search_term_string"}}],"inLanguage":"pt-BR"}]}},"_links":{"self":[{"href":"https:\/\/www.suno.com.br\/asset\/wp-json\/wp\/v2\/pages\/1060"}],"collection":[{"href":"https:\/\/www.suno.com.br\/asset\/wp-json\/wp\/v2\/pages"}],"about":[{"href":"https:\/\/www.suno.com.br\/asset\/wp-json\/wp\/v2\/types\/page"}],"author":[{"embeddable":true,"href":"https:\/\/www.suno.com.br\/asset\/wp-json\/wp\/v2\/users\/19"}],"replies":[{"embeddable":true,"href":"https:\/\/www.suno.com.br\/asset\/wp-json\/wp\/v2\/comments?post=1060"}],"version-history":[{"count":3,"href":"https:\/\/www.suno.com.br\/asset\/wp-json\/wp\/v2\/pages\/1060\/revisions"}],"predecessor-version":[{"id":1459,"href":"https:\/\/www.suno.com.br\/asset\/wp-json\/wp\/v2\/pages\/1060\/revisions\/1459"}],"wp:featuredmedia":[{"embeddable":true,"href":"https:\/\/www.suno.com.br\/asset\/wp-json\/wp\/v2\/media\/1162"}],"wp:attachment":[{"href":"https:\/\/www.suno.com.br\/asset\/wp-json\/wp\/v2\/media?parent=1060"}],"curies":[{"name":"wp","href":"https:\/\/api.w.org\/{rel}","templated":true}]}}