{"id":1024,"date":"2022-08-17T19:04:33","date_gmt":"2022-08-17T22:04:33","guid":{"rendered":"https:\/\/www.suno.com.br\/asset\/?page_id=1024"},"modified":"2023-02-28T11:28:44","modified_gmt":"2023-02-28T14:28:44","slug":"relatorio-gerencial-snag11","status":"publish","type":"page","link":"https:\/\/www.suno.com.br\/asset\/relatorio-gerencial-snag11\/","title":{"rendered":"Relat\u00f3rio Gerencial &#8211; SNAG11"},"content":{"rendered":"<p><iframe loading=\"lazy\" src=\"https:\/\/app.powerbi.com\/view?r=eyJrIjoiMTY5Mjg3NjUtOTY1Yi00MGFkLTlhZDgtZDY1YjVlMzMwNTJmIiwidCI6IjJlNzgzYTNlLTFhMTktNDJiMy1hODJlLThjODZkMTFkNGEyYSJ9\" width=\"1024\" height=\"700\" frameborder=\"0\" allowfullscreen=\"allowfullscreen\"><span data-mce-type=\"bookmark\" style=\"display: inline-block; width: 0px; overflow: hidden; line-height: 0;\" class=\"mce_SELRES_start\">\ufeff<\/span><span data-mce-type=\"bookmark\" style=\"display: inline-block; width: 0px; overflow: hidden; line-height: 0;\" class=\"mce_SELRES_start\">\ufeff<\/span><\/iframe><\/p>\n","protected":false},"excerpt":{"rendered":"<p>\ufeff\ufeff<\/p>\n","protected":false},"author":19,"featured_media":0,"parent":0,"menu_order":0,"comment_status":"closed","ping_status":"closed","template":"","meta":{"_acf_changed":false,"footnotes":""},"class_list":["post-1024","page","type-page","status-publish","hentry"],"acf":[],"yoast_head":"<!-- This site is optimized with the Yoast SEO plugin v23.9 - https:\/\/yoast.com\/wordpress\/plugins\/seo\/ -->\n<title>Relat\u00f3rio Gerencial - SNAG11 - Suno Asset | Asset Management<\/title>\n<meta name=\"description\" content=\"O SNAG11, Fiagro da Suno Asset, possui o Relat\u00f3rio Gerencial mais completo do mercado de Fundos do Agroneg\u00f3cio. Confira!\" \/>\n<meta name=\"robots\" content=\"index, follow, max-snippet:-1, max-image-preview:large, max-video-preview:-1\" \/>\n<link rel=\"canonical\" href=\"https:\/\/www.suno.com.br\/asset\/relatorio-gerencial-snag11\/\" \/>\n<meta property=\"og:locale\" content=\"pt_BR\" \/>\n<meta property=\"og:type\" content=\"article\" \/>\n<meta property=\"og:title\" content=\"Relat\u00f3rio Gerencial - SNAG11 - Suno Asset | Asset Management\" \/>\n<meta property=\"og:description\" content=\"O SNAG11, Fiagro da Suno Asset, possui o Relat\u00f3rio Gerencial mais completo do mercado de Fundos do Agroneg\u00f3cio. Confira!\" \/>\n<meta property=\"og:url\" content=\"https:\/\/www.suno.com.br\/asset\/relatorio-gerencial-snag11\/\" \/>\n<meta property=\"og:site_name\" content=\"Suno Asset | Asset Management\" \/>\n<meta property=\"article:modified_time\" content=\"2023-02-28T14:28:44+00:00\" \/>\n<meta property=\"og:image\" content=\"https:\/\/www.suno.com.br\/asset\/wp-content\/uploads\/2021\/10\/suno-asset-logo.jpg\" \/>\n\t<meta property=\"og:image:width\" content=\"559\" \/>\n\t<meta property=\"og:image:height\" content=\"285\" \/>\n\t<meta property=\"og:image:type\" content=\"image\/jpeg\" \/>\n<meta name=\"twitter:card\" content=\"summary_large_image\" \/>\n<script type=\"application\/ld+json\" class=\"yoast-schema-graph\">{\"@context\":\"https:\/\/schema.org\",\"@graph\":[{\"@type\":\"WebPage\",\"@id\":\"https:\/\/www.suno.com.br\/asset\/relatorio-gerencial-snag11\/\",\"url\":\"https:\/\/www.suno.com.br\/asset\/relatorio-gerencial-snag11\/\",\"name\":\"Relat\u00f3rio Gerencial - SNAG11 - Suno Asset | Asset Management\",\"isPartOf\":{\"@id\":\"https:\/\/www.suno.com.br\/asset\/#website\"},\"datePublished\":\"2022-08-17T22:04:33+00:00\",\"dateModified\":\"2023-02-28T14:28:44+00:00\",\"description\":\"O SNAG11, Fiagro da Suno Asset, possui o Relat\u00f3rio Gerencial mais completo do mercado de Fundos do Agroneg\u00f3cio. Confira!\",\"breadcrumb\":{\"@id\":\"https:\/\/www.suno.com.br\/asset\/relatorio-gerencial-snag11\/#breadcrumb\"},\"inLanguage\":\"pt-BR\",\"potentialAction\":[{\"@type\":\"ReadAction\",\"target\":[\"https:\/\/www.suno.com.br\/asset\/relatorio-gerencial-snag11\/\"]}]},{\"@type\":\"BreadcrumbList\",\"@id\":\"https:\/\/www.suno.com.br\/asset\/relatorio-gerencial-snag11\/#breadcrumb\",\"itemListElement\":[{\"@type\":\"ListItem\",\"position\":1,\"name\":\"Home\",\"item\":\"https:\/\/www.suno.com.br\/asset\/\"},{\"@type\":\"ListItem\",\"position\":2,\"name\":\"Relat\u00f3rio Gerencial &#8211; SNAG11\"}]},{\"@type\":\"WebSite\",\"@id\":\"https:\/\/www.suno.com.br\/asset\/#website\",\"url\":\"https:\/\/www.suno.com.br\/asset\/\",\"name\":\"Suno Asset | Asset Management\",\"description\":\"Ajudamos a construir patrim\u00f4nios s\u00f3lidos por meio do mercado financeiro.\",\"potentialAction\":[{\"@type\":\"SearchAction\",\"target\":{\"@type\":\"EntryPoint\",\"urlTemplate\":\"https:\/\/www.suno.com.br\/asset\/?s={search_term_string}\"},\"query-input\":{\"@type\":\"PropertyValueSpecification\",\"valueRequired\":true,\"valueName\":\"search_term_string\"}}],\"inLanguage\":\"pt-BR\"}]}<\/script>\n<!-- \/ Yoast SEO plugin. -->","yoast_head_json":{"title":"Relat\u00f3rio Gerencial - SNAG11 - Suno Asset | Asset Management","description":"O SNAG11, Fiagro da Suno Asset, possui o Relat\u00f3rio Gerencial mais completo do mercado de Fundos do Agroneg\u00f3cio. Confira!","robots":{"index":"index","follow":"follow","max-snippet":"max-snippet:-1","max-image-preview":"max-image-preview:large","max-video-preview":"max-video-preview:-1"},"canonical":"https:\/\/www.suno.com.br\/asset\/relatorio-gerencial-snag11\/","og_locale":"pt_BR","og_type":"article","og_title":"Relat\u00f3rio Gerencial - SNAG11 - Suno Asset | Asset Management","og_description":"O SNAG11, Fiagro da Suno Asset, possui o Relat\u00f3rio Gerencial mais completo do mercado de Fundos do Agroneg\u00f3cio. Confira!","og_url":"https:\/\/www.suno.com.br\/asset\/relatorio-gerencial-snag11\/","og_site_name":"Suno Asset | Asset Management","article_modified_time":"2023-02-28T14:28:44+00:00","og_image":[{"width":559,"height":285,"url":"https:\/\/www.suno.com.br\/asset\/wp-content\/uploads\/2021\/10\/suno-asset-logo.jpg","type":"image\/jpeg"}],"twitter_card":"summary_large_image","schema":{"@context":"https:\/\/schema.org","@graph":[{"@type":"WebPage","@id":"https:\/\/www.suno.com.br\/asset\/relatorio-gerencial-snag11\/","url":"https:\/\/www.suno.com.br\/asset\/relatorio-gerencial-snag11\/","name":"Relat\u00f3rio Gerencial - SNAG11 - Suno Asset | Asset Management","isPartOf":{"@id":"https:\/\/www.suno.com.br\/asset\/#website"},"datePublished":"2022-08-17T22:04:33+00:00","dateModified":"2023-02-28T14:28:44+00:00","description":"O SNAG11, Fiagro da Suno Asset, possui o Relat\u00f3rio Gerencial mais completo do mercado de Fundos do Agroneg\u00f3cio. Confira!","breadcrumb":{"@id":"https:\/\/www.suno.com.br\/asset\/relatorio-gerencial-snag11\/#breadcrumb"},"inLanguage":"pt-BR","potentialAction":[{"@type":"ReadAction","target":["https:\/\/www.suno.com.br\/asset\/relatorio-gerencial-snag11\/"]}]},{"@type":"BreadcrumbList","@id":"https:\/\/www.suno.com.br\/asset\/relatorio-gerencial-snag11\/#breadcrumb","itemListElement":[{"@type":"ListItem","position":1,"name":"Home","item":"https:\/\/www.suno.com.br\/asset\/"},{"@type":"ListItem","position":2,"name":"Relat\u00f3rio Gerencial &#8211; SNAG11"}]},{"@type":"WebSite","@id":"https:\/\/www.suno.com.br\/asset\/#website","url":"https:\/\/www.suno.com.br\/asset\/","name":"Suno Asset | Asset Management","description":"Ajudamos a construir patrim\u00f4nios s\u00f3lidos por meio do mercado financeiro.","potentialAction":[{"@type":"SearchAction","target":{"@type":"EntryPoint","urlTemplate":"https:\/\/www.suno.com.br\/asset\/?s={search_term_string}"},"query-input":{"@type":"PropertyValueSpecification","valueRequired":true,"valueName":"search_term_string"}}],"inLanguage":"pt-BR"}]}},"_links":{"self":[{"href":"https:\/\/www.suno.com.br\/asset\/wp-json\/wp\/v2\/pages\/1024"}],"collection":[{"href":"https:\/\/www.suno.com.br\/asset\/wp-json\/wp\/v2\/pages"}],"about":[{"href":"https:\/\/www.suno.com.br\/asset\/wp-json\/wp\/v2\/types\/page"}],"author":[{"embeddable":true,"href":"https:\/\/www.suno.com.br\/asset\/wp-json\/wp\/v2\/users\/19"}],"replies":[{"embeddable":true,"href":"https:\/\/www.suno.com.br\/asset\/wp-json\/wp\/v2\/comments?post=1024"}],"version-history":[{"count":9,"href":"https:\/\/www.suno.com.br\/asset\/wp-json\/wp\/v2\/pages\/1024\/revisions"}],"predecessor-version":[{"id":1462,"href":"https:\/\/www.suno.com.br\/asset\/wp-json\/wp\/v2\/pages\/1024\/revisions\/1462"}],"wp:attachment":[{"href":"https:\/\/www.suno.com.br\/asset\/wp-json\/wp\/v2\/media?parent=1024"}],"curies":[{"name":"wp","href":"https:\/\/api.w.org\/{rel}","templated":true}]}}